ctors of v.
2, 3
Let w = -10 - -10. What are the prime factors of (w - (-13 - -1)) + 2?
2, 7
Let n = 20 - 15. Let f(u) = u**2 - 5*u + 4. What are the prime factors of f(n)?
2
Let m = 9 + -8. What are the prime factors of 2*m*36/4?
2, 3
Let g = 8 - 17. Let n = 19 + g. List the prime factors of n.
2, 5
Let a(v) = -3*v - 4. Let p be a(-3). Let g = p + -6. Let b = g - -7. What are the prime factors of b?
2, 3
Suppose -6 = a + 2*a. What are the prime factors of 24 - (1 - a)/1?
3, 7
Suppose 0 = 3*h + 2*h - 45. Let v = -3 + h. What are the prime factors of (3/v)/(1/14)?
7
Let z(f) = f**3 - 4*f**2 - 2*f. List the prime factors of z(5).
3, 5
Let g(f) = f**3 + 4*f**2 + 1. Suppose s - 5 + 1 = 0. Suppose s*p + 16 = -0*p, -b = -2*p - 5. List the prime factors of g(b).
2, 5
Let n = -69 - -125. Suppose y + y = n. List the prime factors of y.
2, 7
Let z(b) be the first derivative of b**2 - 2*b + 1. Let v be (0 - 1)*0 - -6. What are the prime factors of z(v)?
2, 5
Suppose -t - 4 = 22. Let k = t + 62. Let g = k - 23. What are the prime factors of g?
13
Suppose 3*y + 3*m = 5*m + 23, -3*y = 3*m - 33. Let u be y/(-18) + (-10)/(-4). What are the prime factors of u/7 + 131/7?
19
Let d be 2/4*10 - -1. Suppose -3*j - 3 = d. What are the prime factors of (-25)/j - (-2)/3?
3
Suppose -32 = -5*s - p + 9, 4*s - 4*p = 28. Let k(q) = -q**2 - 2. Let t be k(0). What are the prime factors of t/(-4) - (-108)/s?
2, 7
Let o = 140 - 38. List the prime factors of o.
2, 3, 17
Let j be (-104)/(-40) - (-3)/(-5). Suppose 60 = 5*p - j*a, 4*p + p = -a + 60. What are the prime factors of p?
2, 3
Suppose 3*l + 8*l - 2442 = 0. List the prime factors of l.
2, 3, 37
Let i(h) = h**3 - 5*h**2 - 4*h + 2. Suppose 2*c + 2*r - 20 = 4*r, -c - 2*r - 2 = 0. What are the prime factors of i(c)?
2, 7
Suppose 0 = -3*l + 9, 3*l + 45 = 5*j - 81. What are the prime factors of j?
3
Suppose 0 = 3*f + 2*w - 226, f - 2*f + 62 = -2*w. What are the prime factors of f?
2, 3
Let y be 246/3 + 2 + -4. Suppose -5*o + 200 = y. What are the prime factors of o?
2, 3
Suppose -5*b + 7*b = 10. Suppose -o + b*o - 20 = 0. Suppose 5*m - 9 = o*x + 6, 6 = m - 4*x. List the prime factors of m.
2
Let j(r) = 5*r**2 - 3*r + 9. List the prime factors of j(4).
7, 11
Let d be (-15)/(-2 + -1) - 0. Let s(z) = -z**3 + 6*z**2 - 5*z - 1. Let w be s(d). List the prime factors of 3 - (1 + 3)*w.
7
Suppose -2*n = 2*h + n + 13, 0 = -h + 2*n + 4. Let t = h - -5. Let s(q) = q**2 - 2*q + 2. List the prime factors of s(t).
5
Suppose 0 = p + 5 + 19. List the prime factors of (p/(-9) + -3)*-18.
2, 3
Let b(a) = a**2 + 2*a - 4. Let u be b(-3). Let v be (-3)/(u - (-22)/16). Let t = 12 + v. What are the prime factors of t?
2
Suppose 14 = 4*h - 166. Let z = h - 27. List the prime factors of z.
2, 3
Let h(y) = 22*y - 14. List the prime factors of h(7).
2, 5, 7
Suppose 0 = -4*p + 3*v + 194, 3*p - 4*v - 149 = -0*v. List the prime factors of p.
47
Let g = 7 + 24. Let p be -5 + (-3)/18 + 51/(-18). Let m = g + p. List the prime factors of m.
23
List the prime factors of (-9)/(-3 - -5 - 3).
3
Let b = -8 + 11. Suppose 13 = 3*y + b*c + c, -5*y + 45 = 2*c. Suppose 9 = 2*j - y. List the prime factors of j.
2, 5
Let q = -16 + 10. Let d(g) be the third derivative of g**6/120 + g**5/10 - g**4/8 - g**3 + g**2. List the prime factors of d(q).
2, 3
Let r(j) = 3 - 10*j + 0*j + 14*j**2 - 12*j**2. List the prime factors of r(6).
3, 5
Let g = 3 - 23. Let a = -29 - g. What are the prime factors of (-2)/a + 97/9?
11
Let s(o) = -o**2 - 4*o - 5. Let a be s(-4). List the prime factors of 42/5 - (-2)/a.
2
What are the prime factors of ((-348)/8)/1*4/(-6)?
29
Let b(n) = -2*n + 0*n + 5 - 2 + 0. Let f be b(-6). What are the prime factors of ((-3)/1)/((-3)/f)?
3, 5
Suppose 2*u + 5*g - 443 = 0, 3*g - 80 = 2*u - 499. What are the prime factors of u?
2, 107
Let c(u) = -80*u**3 + u**2 - u - 1. Let d be c(-1). Let y = -42 + d. Suppose m = 4*t - y, 3*t + m = 13 + 25. List the prime factors of t.
11
Let w(v) = 2*v + 9. List the prime factors of w(15).
3, 13
Suppose 8*o - 3*o = 815. List the prime factors of o.
163
Let z be 48/(-9)*(-99)/(-6). Let j(k) = -k + 6. Let g be j(9). What are the prime factors of 2/g - z/6?
2, 7
Suppose 68 + 44 = 2*r + 2*g, -234 = -4*r - 2*g. List the prime factors of r.
61
Suppose 15 = t + 3*f, 0*t + t + 2*f - 14 = 0. Suppose -4*y - 3*b = 0, t = -5*b + 2*b. What are the prime factors of y?
3
Let v(b) be the first derivative of 2*b**3/3 - 2*b**2 - b - 3. Let q be v(3). List the prime factors of (-5)/((-10)/4) + q.
7
Let r = 41 - 39. What are the prime factors of r?
2
Let z be (-1)/2*(-56 - -10). Suppose v = z + 31. List the prime factors of v.
2, 3
Let p = -142 + 264. List the prime factors of p.
2, 61
Suppose -f + 4*j - 16 = 0, 2*j - 4 = 4. Suppose f*w + 14 = 2*w. List the prime factors of w.
7
List the prime factors of -2*(4 + (-340)/8).
7, 11
Let z(c) = c**2 - 3*c + 2. Let g be z(2). Suppose -p - p + 20 = g. Suppose p + 2 = q. What are the prime factors of q?
2, 3
Let c be -3*(-3)/((-9)/3). List the prime factors of c/(-6)*(9 - -1).
5
Let y = 0 + 2. Let f be 53 + 5/((-5)/y). What are the prime factors of f/4 - 3/(-12)?
13
Let y = 4 - -1. Suppose 4*d = -y*q + 24, 4*q + 16 = -4*d + 44. What are the prime factors of (0 - 0 - 1) + d?
2, 5
Let j(k) = k**3 - 4*k**2 - 5*k + 5. Let v be j(5). Suppose -v*g = -23 + 3. Suppose g*b - 3*p = 27, 4*p - 14 = b - 4*b. List the prime factors of b.
2, 3
Suppose 0 = -2*j - 0*j + 18. Let u(v) = 5*v - 5. Let p be u(j). Suppose -7*i + 3*i + p = 0. What are the prime factors of i?
2, 5
Suppose 24*g = 25*g - 99. List the prime factors of g.
3, 11
Let i(o) = 3*o**2 - 4*o + 4. What are the prime factors of i(4)?
2, 3
Let k(s) = 4*s - 1. Let u(i) = -21*i + 5. Let c(r) = -11*k(r) - 2*u(r). Let q be 1/(-2) - 2/4. What are the prime factors of c(q)?
3
What are the prime factors of (-3472)/(-32) - (-3)/2?
2, 5, 11
Let j = 10 + 0. What are the prime factors of j?
2, 5
Let z = -2 + 8. Let u = z + -1. List the prime factors of u.
5
Let j(h) = -2 - 3*h - h**2 + 0 + 0*h**2 - 2*h. Let k be j(-4). Suppose k*w + w = 15. List the prime factors of w.
5
Let m be (-4*(1 + 1))/(-2). Suppose -4*g - 5 = 4*d - 57, -m*g + 37 = d. What are the prime factors of g?
2
Let u(l) = -7*l**2 - 4 + 3*l**2 - l**3 - l**2. Let s be u(-5). Let n(f) = f**3 + 4*f**2 + 3. List the prime factors of n(s).
3
Let b = 52 + -74. What are the prime factors of b*(-6 - (-8 + 4))?
2, 11
Suppose -4*c = -q - 15, 5*q = 3*c - 0*c + 10. List the prime factors of c.
5
Let p = 98 - 48. List the prime factors of p.
2, 5
Let a(b) = b - 5. Let m be a(5). Suppose 4*i + 2 = t, -5*t - 4*i - 7 + 17 = m. What are the prime factors of t?
2
Suppose 4*l - 338 = 2*z, 3*l = -0*l + 2*z + 252. List the prime factors of l.
2, 43
Let r(g) = g**2 + 3*g + 9. List the prime factors of r(4).
37
Let x = 7 - 4. Suppose 5*d - k + 11 = 0, -x*d - 2*d = 2*k + 8. Let v = d - -6. List the prime factors of v.
2
Let j(n) = -n**2 + 12*n - 6. What are the prime factors of j(4)?
2, 13
Suppose -2*d - 2 = -0*d. What are the prime factors of 10/d*3/(-6)?
5
Let y(w) = w**2 - 9*w + 7. Let l(h) = -h**2 + 5*h - 4. Let x(v) = -5*l(v) - 3*y(v). Let g be x(1). Suppose -g*a + a + 30 = 0. List the prime factors of a.
3, 5
Let d(k) = k + 2*k**2 + 2*k**3 + 4*k**2 - 4*k**3 - 5*k**2 + 2. What are the prime factors of d(-2)?
2, 5
Let l(s) = -5*s - 5. Let j be l(-2). Suppose 7*p - j*x = 2*p + 30, 2*x + 21 = 3*p. List the prime factors of p.
3
Let n(f) be the second derivative of 1/2*f**2 + f + 1/6*f**4 - 1/20*f**5 + 2/3*f**3 + 0. What are the prime factors of n(3)?
2
Let j = 31 - 15. Suppose j = 3*d - 2*v, d - 2*v - 12 = 2*v. What are the prime factors of 45/d + 1/(-4)?
11
Let j(x) = x + 16. What are the prime factors of j(17)?
3, 11
Let i be 9*(-3)/9*1. What are the prime factors of (-4)/(i*(-4)/(-114))?
2, 19
List the prime factors of -1*(1 + -161)/4.
2, 5
Suppose 3*r - 3*u = u + 328, 2*r - 3*u - 220 = 0. Suppose 0*q - 4*q = -r. List the prime factors of 212/26 + (-4)/q.
2
Let k = -11 + 8. What are the prime factors of (3 - -2) + k + 13?
3, 5
Suppose -2*l - 10 = -2. What are the prime factors of ((-77)/28)/(1/l)?
11
Suppose -3*a + 4*a - d = 9, -2*a = 5*d - 25. Suppose -2*j - 3*j = -a. Suppose j - 13 = -s. What are the prime factors of s?
11
L